 155101176?
1
What is the thousands digit of 45983511?
3
What is the thousands digit of 370021419?
1
What is the millions digit of 49663806?
9
What is the millions digit of 31580122?
1
What is the ten thousands digit of 420561120?
6
What is the units digit of 120388580?
0
What is the units digit of 42680226?
6
What is the thousands digit of 626712368?
2
What is the ten millions digit of 981282353?
8
What is the units digit of 2216687614?
4
What is the millions digit of 276529574?
6
What is the tens digit of 11536468?
6
What is the thousands digit of 29513090?
3
What is the tens digit of 42633991?
9
What is the units digit of 24463701?
1
What is the ten thousands digit of 18779475?
7
What is the ten millions digit of 2391475648?
9
What is the tens digit of 39193778?
7
What is the ten thousands digit of 51302732?
0
What is the millions digit of 105716231?
5
What is the hundreds digit of 2629261?
2
What is the hundreds digit of 5456691?
6
What is the units digit of 223391475?
5
What is the millions digit of 5783168941?
3
What is the ten millions digit of 322438540?
2
What is the units digit of 1546165632?
2
What is the ten thousands digit of 141716050?
1
What is the ten thousands digit of 19048011?
4
What is the ten thousands digit of 124323057?
2
What is the hundred millions digit of 247309041?
2
What is the hundreds digit of 5162671064?
0
What is the tens digit of 336151692?
9
What is the hundred thousands digit of 102673018?
6
What is the tens digit of 98013541?
4
What is the billions digit of 2361664836?
2
What is the units digit of 141706922?
2
What is the millions digit of 29360895?
9
What is the thousands digit of 308158254?
8
What is the hundreds digit of 58106813?
8
What is the ten millions digit of 547360826?
4
What is the millions digit of 518493109?
8
What is the hundred thousands digit of 1461200481?
2
What is the thousands digit of 179975250?
5
What is the ten millions digit of 18242768?
1
What is the ten millions digit of 54409873?
5
What is the hundred millions digit of 3880757244?
8
What is the thousands digit of 239520153?
0
What is the hundreds digit of 87279631?
6
What is the ten millions digit of 5694747766?
9
What is the units digit of 543560983?
3
What is the ten millions digit of 432332720?
3
What is the millions digit of 9769650?
9
What is the thousands digit of 856134?
6
What is the thousands digit of 148604035?
4
What is the thousands digit of 18717444?
7
What is the ten thousands digit of 1380309587?
0
What is the millions digit of 252167685?
2
What is the units digit of 1391223072?
2
What is the units digit of 55812151?
1
What is the hundred thousands digit of 96243041?
2
What is the ten thousands digit of 471836898?
3
What is the ten millions digit of 1362133864?
6
What is the billions digit of 6403058437?
6
What is the hundred millions digit of 1538573894?
5
What is the ten thousands digit of 10646655?
4
What is the millions digit of 8961324452?
1
What is the thousands digit of 504167113?
7
What is the ten millions digit of 88978913?
8
What is the tens digit of 7053160?
6
What is the hundreds digit of 1650526686?
6
What is the ten millions digit of 500922839?
0
What is the thousands digit of 38532318?
2
What is the ten thousands digit of 5059784753?
8
What is the ten millions digit of 631492792?
3
What is the hundreds digit of 675010310?
3
What is the ten millions digit of 14639875?
1
What is the hundred millions digit of 262532181?
2
What is the tens digit of 135393517?
1
What is the ten thousands digit of 40611308?
1
What is the hundreds digit of 422172017?
0
What is the tens digit of 81114685?
8
What is the thousands digit of 95795598?
5
What is the hundred thousands digit of 23178188?
1
What is the units digit of 248131390?
0
What is the millions digit of 578444829?
8
What is the hundred thousands digit of 48579220?
5
What is the millions digit of 474942846?
4
What is the millions digit of 1805468545?
5
What is the hundred thousands digit of 530122765?
1
What is the hundred thousands digit of 246704630?
7
What is the ten thousands digit of 540959104?
5
What is the thousands digit of 517002636?
2
What is the thousands digit of 28109854?
9
What is the hundred millions digit of 339316076?
3
What is the tens digit of 37114749?
4
What is the millions digit of 149667019?
9
What is the thousands digit of 79002638?
2
What is the thousands digit of 1679905492?
5
What is the thousands digit of 1325672045?
2
What is the millions digit of 9862472633?
2
What is the millions digit of 46533574?
6
What is the millions digit of 866624630?
6
What is the tens digit of 267958551?
5
What is the millions digit of 1107813381?
7
What is the hundreds digit of 397370092?
0
What is the units digit of 2603335664?
4
What is the ten thousands digit of 42957143?
5
What is the hundred thousands digit of 464245643?
2
What is the thousands digit of 738741368?
1
What is the hundred thousands digit of 739177063?
1
What is the hundred thousands digit of 319078112?
0
What is the hundreds digit of 7616374?
3
What is the millions digit of 1507858767?
7
What is the hundred thousands digit of 1243521625?
5
What is the hundreds digit of 1680356?
3
What is the hundred thousands digit of 424366995?
3
What is the tens digit of 558335273?
7
What is the hundred millions digit of 686071536?
6
What is the ten thousands digit of 3972081323?
8
What is the hundred thousands digit of 67225177?
2
What is the thousands digit of 93745353?
5
What is the units digit of 140915553?
3
What is the hundred thousands digit of 4528661?
5
What is the tens digit of 1439545988?
8
What is the tens digit of 172462297?
9
What is the ten thousands digit of 866176855?
7
What is the ten thousands digit of 3018402913?
0
What is the hundreds digit of 12604361?
3
What is the units digit of 556605525?
5
What is the hundred thousands digit of 881051045?
0
What is the millions digit of 90758016?
0
What is the ten thousands digit of 42091409?
9
What is the thousands digit of 22116233?
6
What is the billions digit of 1339524783?
1
What is the hundred thousands digit of 712072551?
0
What is the tens digit of 685422084?
8
What is the ten thousands digit of 691288001?
8
What is the units digit of 39538659?
9
What is the hundred thousands digit of 219910716?
9
What is the hundred thousands digit of 178412206?
4
What is the ten thousands digit of 44978362?
7
What is the ten millions digit of 494364533?
9
What is the tens digit of 1259202384?
8
What is the millions digit of 1590935?
1
What is the hundreds digit of 94946022?
0
What is the ten thousands digit of 41886536?
8
What is the tens digit of 194869601?
0
What is the ten millions digit of 1048288878?
4
What is the millions digit of 633418444?
3
What is the hundreds digit of 135425135?
1
What is the units digit of 8037912210?
0
What is the thousands digit of 6067338958?
8
What is the hundreds digit of 88266364?
3
What is the hundred millions digit of 114790850?
1
What is the hundred millions digit of 1097849311?
0
What is the billions digit of 1373476942?
1
What is the tens digit of 66596093?
9
What is the units digit of 13935304?
4
What is the units digit of 7025719?
9
What is the thousands digit of 470951651?
1
What is the ten millions digit of 959960711?
5
What is the units digit of 1386410903?
3
What is the thousands digit of 4378153672?
3
What is the ten millions digit of 51381110?
5
What is the ten thousands digit of 22087012?
8
What is the ten thousands digit of 874323178?
2
What is the hundred millions digit of 4799162727?
7
What is the thousands digit of 205750681?
0
What is the tens digit of 118417525?
2
What is the tens digit of 63581440?
4
What is the hundred thousands digit of 51901659?
9
What is the hundreds digit of 1165103751?
7
What is the thousands digit of 108417790?
7
What is the tens digit of 9118762?
6
What is the hundred thousands digit of 72833675?
8
What is the tens digit of 992327248?
4
What is the ten millions digit of 814262720?
1
What is the tens digit of 8753340059?
5
What is the tens digit of 762863467?
6
What is the hundred thousands digit of 917400301?
4
What is the tens digit of 80848954?
5
What is the ten thousands digit of 44910194?
1
What is the ten thousands digit of 2261188665?
8
What is the hundred th